{"id":174,"date":"2020-02-17T10:55:15","date_gmt":"2020-02-17T09:55:15","guid":{"rendered":"https:\/\/www.auto-dienst-kleve.de\/startseite\/?page_id=174"},"modified":"2020-04-20T13:18:20","modified_gmt":"2020-04-20T11:18:20","slug":"werkstatt-dienstleistungen-in-kleve","status":"publish","type":"page","link":"https:\/\/www.auto-dienst-kleve.de\/startseite\/werkstatt-dienstleistungen-in-kleve\/","title":{"rendered":"Weitere Dienstleistungen"},"content":{"rendered":"<p>Hier finden Sie einen Auszug unserer Werkstatt Dienstleistungen:<\/p>\n<h5>Batterietest sowie Erneuerung der Starterbatterie<\/h5>\n<p>Wenn Sie Ihr Fahrzeug nicht regelm\u00e4\u00dfig nutzen kann es bei l\u00e4ngerer Standzeit zur Tiefenentladung der <a href=\"https:\/\/de.wikipedia.org\/wiki\/Starterbatterie\" rel=\"noopener noreferrer\" target=\"_blank\">Starterbatterie<\/a> kommen. Auch viel Kurzstrecke kann eine Autobatterie in die Knie zw\u00e4ngen, da zum Anlassen des Motors mehr Energie gebraucht wird als die Lichtmaschine auf einem kurzen St\u00fcck wieder zuladen kann.<br \/>\nWir haben die meisten g\u00e4ngigen Ausf\u00fchrungen lagernd vor Ort in Kleve.<br \/>\nSollte Ihr Fahrzeug \u00fcber die Start&amp;Stopp-Funktion verf\u00fcgen m\u00fcssen Sie unter Umst\u00e4nden etwas mehr Zeit einplanen. Diese Starterbatterien m\u00fcssen wir kurzfristig bestellen und in einigen F\u00e4llen auch noch anlernen.<br \/>\nFalls Sie Hilfeleistung ben\u00f6tigen, rufen Sie uns bitte unter 02821\/7151617 an.<\/p>\n<h5>Bremsfl\u00fcssigkeits- \/ \u00d6lwechselservice<\/h5>\n<p>Die Bremsfl\u00fcssigkeit eines Fahrzeug sollte in der Regel in einem Zweijahresrhythmus erneuert werden. Es handelt sich hier um eine feuchtigkeitsanziehende Fl\u00fcssigkeit. Dies bedeutet, bei Hitze bildet sich Wasserdampf in den Leitungen, der bei einer Bremsung durch den Druck kompressiert wird und zum Verlust der Bremswirkung f\u00fchren kann.<br \/>\nDaher ist es f\u00fcr die Sicherheit aller Verkehrsteilnehmer von gro\u00dfer Bedeutung auf ein regelm\u00e4\u00dfiges Wechselintervall zu achten.<br \/>\nWir testen mit unserem Bremsfl\u00fcssigkeitstester den Zustand wenn Sie sich unsicher sind.<\/p>\n<h5>Anh\u00e4ngerkupplungen<\/h5>\n<p>Wir machen Ihnen gerne ein Angebot, wenn Sie Ihr Fahrzeug mit einer Anh\u00e4ngerkupplung aufr\u00fcsten m\u00f6chten. Vom Smart bis zum Wohnwobil z\u00e4hlen wir dem Einbau von starrer und abnehmbaren Anh\u00e4ngerkupplungen mit wahlweise sieben oder dreizehn Polen auch zu unseren Werkstatt Dienstleistungen. Bitte bringen Sie in jedem Fall Ihren Fahrzeugschein mit oder \u00fcbersenden Sie uns diesen bitte elektronisch.<\/p>\n<h5>Fehlerspeicher auslesen<\/h5>\n<p>Sobald im Kombiinstrument eine Warnleuchte angeht besteht Handlungsbedarf. Wir sind mit aktuellster Technik ausger\u00fcstet und k\u00f6nnen nahezu jedes Fahrzeug auslesen. Rufen Sie einfach vorab kurz bei uns an und wir werden uns Zeit f\u00fcr Sie nehmen.<\/p>\n<h5>DPF-Regeneration \u00fcber Tester<\/h5>\n<p>Wenn mit einem Dieselmotor besonders viel Kurzstrecke gefahren wird besteht die Gefahr, dass der DPF sich zusetzt. Die Software m\u00f6chte den Filter reinigen wird aber bei diesem Prozess immer wieder unterbrochen. So verstopft der Dieselpartikelfilter und muss im schlimmsten Fall ausgebaut und manuell gereinigt oder sogar erneuert werden. Viele Fahrzeuge erm\u00f6glichen aber eine elektronische Reinigung, die \u00fcber unseren Tester eingeleitet und durchgef\u00fchrt wird. Die Verstopfung des DPFs wird meistens mit dem Aufleuchten einer Warnkontrollleuchte signalisiert.<\/p>\n<h5>Fahrzeugdurchsicht \/ Fr\u00fchjahrscheck oder Wintercheck<\/h5>\n<p>Wenn eine l\u00e4ngere Reise ansteht oder Sie Ihr Fahrzeug fit f\u00fcr den Winter machen wollen, f\u00fchren wir gerne g\u00fcnstig eine Sichtpr\u00fcfung durch und kontrollieren s\u00e4mtliche F\u00fcllst\u00e4nde. Besonders im Fr\u00fchling wenn in der kalten Jahreszeit viel Salz gestreut wurde k\u00f6nnen sich Sch\u00e4den am Fahrzeug bemerkbar machen. Am besten werden diese fr\u00fchzeitig entdeckt und behoben.<\/p>\n<h5>Geschenkgutscheine<\/h5>\n<p>Sie m\u00f6chten Ihren Lieben eine Freude mit einem Geschenkgutschein machen wollen oder sie bei einer ungeplanten Reparatur unterst\u00fctzen m\u00f6chten? Sprechen Sie uns doch einfach an!<br \/>\nGerne stellen wir Ihnen einen Geschenkgutschein \u00fcber einen Wunschbetrag bei uns aus. Selbstverst\u00e4ndlich d\u00fcrefen die Beschenkten diesen komplett oder teilweise verrechnen lassen.<\/p>\n<h5>Reparaturfinanzierungen<\/h5>\n<p>Manchmal gibt es Zeiten, in denen eine ungeplante und doch n\u00f6tige Reparatur die Haushaltskasse sprengt. Aber auch f\u00fcr dieses Problem haben wir eine L\u00f6sung.<br \/>\nScheuen Sie sich nicht uns anzusprechen denn wir haben immer ein offenes Ohr f\u00fcr Sie.<br \/>\nBei uns haben Sie die M\u00f6glichkeit <a href=\"https:\/\/www.auto-dienst-kleve.de\/startseite\/reparaturkostenfinanzierung\/\">zu attraktiven Konditionen zu finanzieren<\/a>. Denn wir freuen uns, einen starken Kooperationspartner an unserer Seite zu haben.<br \/>\nSie k\u00f6nnen \u00fcber bis zu 4000,- Euro bei zw\u00f6lfmonatiger Laufzeit zinsfrei verf\u00fcgen.<br \/>\nUnd dabei spielt es keine Rolle, ob Sie eine Reparatur beauftragen oder Zubeh\u00f6r kaufen m\u00f6chten.<\/p>\n","protected":false},"excerpt":{"rendered":"<p>Hier finden Sie einen Auszug unserer Werkstatt Dienstleistungen: Batterietest sowie Erneuerung der Starterbatterie Wenn Sie Ihr Fahrzeug nicht regelm\u00e4\u00dfig nutzen kann es bei l\u00e4ngerer Standzeit zur Tiefenentladung der Starterbatterie kommen. Auch viel Kurzstrecke kann eine Autobatterie in die Knie zw\u00e4ngen, da zum Anlassen des Motors mehr Energie gebraucht wird als die Lichtmaschine auf einem kurzen [&hellip;]<\/p>\n","protected":false},"author":1,"featured_media":0,"parent":0,"menu_order":0,"comment_status":"closed","ping_status":"closed","template":"","meta":[],"yoast_head":"<!-- This site is optimized with the Yoast SEO plugin v19.1 - https:\/\/yoast.com\/wordpress\/plugins\/seo\/ -->\n<title>Werkstatt Dienstleistungen in Kleve - Autoservice Gerigk<\/title>\n<meta name=\"description\" content=\"Angebotene Werkstatt Dienstleistungen in Kleve, gut &amp; g\u00fcnstig! Alles von Achsvermessung bis Zahlungen bargeldlos oder finanziert. Jetzt anfragen! \u270e\" \/>\n<meta name=\"robots\" content=\"index, follow, max-snippet:-1, max-image-preview:large, max-video-preview:-1\" \/>\n<link rel=\"canonical\" href=\"https:\/\/www.auto-dienst-kleve.de\/startseite\/werkstatt-dienstleistungen-in-kleve\/\" \/>\n<meta property=\"og:locale\" content=\"de_DE\" \/>\n<meta property=\"og:type\" content=\"article\" \/>\n<meta property=\"og:title\" content=\"Werkstatt Dienstleistungen in Kleve - Autoservice Gerigk\" \/>\n<meta property=\"og:description\" content=\"Angebotene Werkstatt Dienstleistungen in Kleve, gut &amp; g\u00fcnstig! Alles von Achsvermessung bis Zahlungen bargeldlos oder finanziert. Jetzt anfragen! \u270e\" \/>\n<meta property=\"og:url\" content=\"https:\/\/www.auto-dienst-kleve.de\/startseite\/werkstatt-dienstleistungen-in-kleve\/\" \/>\n<meta property=\"og:site_name\" content=\"Autoservice Gerigk\" \/>\n<meta property=\"article:publisher\" content=\"https:\/\/de-de.facebook.com\/AutoserviceGerigk\" \/>\n<meta property=\"article:modified_time\" content=\"2020-04-20T11:18:20+00:00\" \/>\n<meta name=\"twitter:card\" content=\"summary_large_image\" \/>\n<meta name=\"twitter:label1\" content=\"Gesch\u00e4tzte Lesezeit\" \/>\n\t<meta name=\"twitter:data1\" content=\"3\u00a0Minuten\" \/>\n<script type=\"application\/ld+json\" class=\"yoast-schema-graph\">{\"@context\":\"https:\/\/schema.org\",\"@graph\":[{\"@type\":\"WebSite\",\"@id\":\"https:\/\/www.auto-dienst-kleve.de\/startseite\/#website\",\"url\":\"https:\/\/www.auto-dienst-kleve.de\/startseite\/\",\"name\":\"Autoservice Gerigk\",\"description\":\"Autowerkstatt Kleve alle Marken\",\"potentialAction\":[{\"@type\":\"SearchAction\",\"target\":{\"@type\":\"EntryPoint\",\"urlTemplate\":\"https:\/\/www.auto-dienst-kleve.de\/startseite\/?s={search_term_string}\"},\"query-input\":\"required name=search_term_string\"}],\"inLanguage\":\"de\"},{\"@type\":\"WebPage\",\"@id\":\"https:\/\/www.auto-dienst-kleve.de\/startseite\/werkstatt-dienstleistungen-in-kleve\/#webpage\",\"url\":\"https:\/\/www.auto-dienst-kleve.de\/startseite\/werkstatt-dienstleistungen-in-kleve\/\",\"name\":\"Werkstatt Dienstleistungen in Kleve - Autoservice Gerigk\",\"isPartOf\":{\"@id\":\"https:\/\/www.auto-dienst-kleve.de\/startseite\/#website\"},\"datePublished\":\"2020-02-17T09:55:15+00:00\",\"dateModified\":\"2020-04-20T11:18:20+00:00\",\"description\":\"Angebotene Werkstatt Dienstleistungen in Kleve, gut & g\u00fcnstig! Alles von Achsvermessung bis Zahlungen bargeldlos oder finanziert. Jetzt anfragen! \u270e\",\"breadcrumb\":{\"@id\":\"https:\/\/www.auto-dienst-kleve.de\/startseite\/werkstatt-dienstleistungen-in-kleve\/#breadcrumb\"},\"inLanguage\":\"de\",\"potentialAction\":[{\"@type\":\"ReadAction\",\"target\":[\"https:\/\/www.auto-dienst-kleve.de\/startseite\/werkstatt-dienstleistungen-in-kleve\/\"]}]},{\"@type\":\"BreadcrumbList\",\"@id\":\"https:\/\/www.auto-dienst-kleve.de\/startseite\/werkstatt-dienstleistungen-in-kleve\/#breadcrumb\",\"itemListElement\":[{\"@type\":\"ListItem\",\"position\":1,\"name\":\"Startseite\",\"item\":\"https:\/\/www.auto-dienst-kleve.de\/startseite\/\"},{\"@type\":\"ListItem\",\"position\":2,\"name\":\"Weitere Dienstleistungen\"}]}]}<\/script>\n<!-- \/ Yoast SEO plugin. -->","yoast_head_json":{"title":"Werkstatt Dienstleistungen in Kleve - Autoservice Gerigk","description":"Angebotene Werkstatt Dienstleistungen in Kleve, gut & g\u00fcnstig! Alles von Achsvermessung bis Zahlungen bargeldlos oder finanziert. Jetzt anfragen! \u270e","robots":{"index":"index","follow":"follow","max-snippet":"max-snippet:-1","max-image-preview":"max-image-preview:large","max-video-preview":"max-video-preview:-1"},"canonical":"https:\/\/www.auto-dienst-kleve.de\/startseite\/werkstatt-dienstleistungen-in-kleve\/","og_locale":"de_DE","og_type":"article","og_title":"Werkstatt Dienstleistungen in Kleve - Autoservice Gerigk","og_description":"Angebotene Werkstatt Dienstleistungen in Kleve, gut & g\u00fcnstig! Alles von Achsvermessung bis Zahlungen bargeldlos oder finanziert. Jetzt anfragen! \u270e","og_url":"https:\/\/www.auto-dienst-kleve.de\/startseite\/werkstatt-dienstleistungen-in-kleve\/","og_site_name":"Autoservice Gerigk","article_publisher":"https:\/\/de-de.facebook.com\/AutoserviceGerigk","article_modified_time":"2020-04-20T11:18:20+00:00","twitter_card":"summary_large_image","twitter_misc":{"Gesch\u00e4tzte Lesezeit":"3\u00a0Minuten"},"schema":{"@context":"https:\/\/schema.org","@graph":[{"@type":"WebSite","@id":"https:\/\/www.auto-dienst-kleve.de\/startseite\/#website","url":"https:\/\/www.auto-dienst-kleve.de\/startseite\/","name":"Autoservice Gerigk","description":"Autowerkstatt Kleve alle Marken","potentialAction":[{"@type":"SearchAction","target":{"@type":"EntryPoint","urlTemplate":"https:\/\/www.auto-dienst-kleve.de\/startseite\/?s={search_term_string}"},"query-input":"required name=search_term_string"}],"inLanguage":"de"},{"@type":"WebPage","@id":"https:\/\/www.auto-dienst-kleve.de\/startseite\/werkstatt-dienstleistungen-in-kleve\/#webpage","url":"https:\/\/www.auto-dienst-kleve.de\/startseite\/werkstatt-dienstleistungen-in-kleve\/","name":"Werkstatt Dienstleistungen in Kleve - Autoservice Gerigk","isPartOf":{"@id":"https:\/\/www.auto-dienst-kleve.de\/startseite\/#website"},"datePublished":"2020-02-17T09:55:15+00:00","dateModified":"2020-04-20T11:18:20+00:00","description":"Angebotene Werkstatt Dienstleistungen in Kleve, gut & g\u00fcnstig! Alles von Achsvermessung bis Zahlungen bargeldlos oder finanziert. Jetzt anfragen! \u270e","breadcrumb":{"@id":"https:\/\/www.auto-dienst-kleve.de\/startseite\/werkstatt-dienstleistungen-in-kleve\/#breadcrumb"},"inLanguage":"de","potentialAction":[{"@type":"ReadAction","target":["https:\/\/www.auto-dienst-kleve.de\/startseite\/werkstatt-dienstleistungen-in-kleve\/"]}]},{"@type":"BreadcrumbList","@id":"https:\/\/www.auto-dienst-kleve.de\/startseite\/werkstatt-dienstleistungen-in-kleve\/#breadcrumb","itemListElement":[{"@type":"ListItem","position":1,"name":"Startseite","item":"https:\/\/www.auto-dienst-kleve.de\/startseite\/"},{"@type":"ListItem","position":2,"name":"Weitere Dienstleistungen"}]}]}},"_links":{"self":[{"href":"https:\/\/www.auto-dienst-kleve.de\/startseite\/wp-json\/wp\/v2\/pages\/174"}],"collection":[{"href":"https:\/\/www.auto-dienst-kleve.de\/startseite\/wp-json\/wp\/v2\/pages"}],"about":[{"href":"https:\/\/www.auto-dienst-kleve.de\/startseite\/wp-json\/wp\/v2\/types\/page"}],"author":[{"embeddable":true,"href":"https:\/\/www.auto-dienst-kleve.de\/startseite\/wp-json\/wp\/v2\/users\/1"}],"replies":[{"embeddable":true,"href":"https:\/\/www.auto-dienst-kleve.de\/startseite\/wp-json\/wp\/v2\/comments?post=174"}],"version-history":[{"count":24,"href":"https:\/\/www.auto-dienst-kleve.de\/startseite\/wp-json\/wp\/v2\/pages\/174\/revisions"}],"predecessor-version":[{"id":298,"href":"https:\/\/www.auto-dienst-kleve.de\/startseite\/wp-json\/wp\/v2\/pages\/174\/revisions\/298"}],"wp:attachment":[{"href":"https:\/\/www.auto-dienst-kleve.de\/startseite\/wp-json\/wp\/v2\/media?parent=174"}],"curies":[{"name":"wp","href":"https:\/\/api.w.org\/{rel}","templated":true}]}}